 -452 = -w*h + 6*h. Is h a prime number?
False
Suppose -4*z + 4608 = 2*a, -z - 2*a + 1155 = -0*z. Is z prime?
True
Let j = 67 - 66. Suppose j = n - 0*n, 42 = 2*s - 4*n. Is s a prime number?
True
Suppose 0 = -0*q - q - 4*l - 40, 0 = -3*q + l - 55. Let k = q + -9. Let w = k + 48. Is w a prime number?
True
Let f(c) = -c**3 - 28*c**2 + 42*c + 8. Is f(-31) a prime number?
False
Suppose -3*s = 23 - 5. Let b be (-26)/(-6) - 4/s. Suppose b*o + 3*t - 235 = 0, -3*o + 0*t - 3*t + 141 = 0. Is o a composite number?
False
Let i(r) = -r + 11. Let k(c) = -2*c + 23. Let h(l) = 5*i(l) - 3*k(l). Let o be h(12). Let u(y) = -6*y**3 + 2*y**2 + 2*y - 1. Is u(o) prime?
False
Suppose -4*i = 2*f - 118, -10*f + 11*f - i - 74 = 0. Is f a prime number?
False
Suppose -31938 = -4*k - 2*s, -409*k + s + 15971 = -407*k. Is k a composite number?
True
Suppose -2*p = -4*z - 62290, -5*z + 34236 = p + 3084. Is p prime?
True
Let o(c) = -12*c**3 - 4*c**2 + 9. Let k = -14 + 9. Is o(k) composite?
False
Let y(x) = 10*x - 7*x - 6*x - 358. Let h be y(0). Let i = h - -987. Is i prime?
False
Let m(a) = a**3 + 67 - a - a**2 + a**2 + a**2. Is m(0) prime?
True
Let r(d) = 67*d - 29. Let a be r(-17). Is 20/(-30) - a/6 a composite number?
True
Is (3508/20)/(2/70) prime?
False
Let h = -10 + 12. Suppose -68 = -4*x - c + 61, 5*x + h*c - 159 = 0. Let d = x + 52. Is d a prime number?
False
Let h = 16788 - 3497. Is h prime?
True
Suppose 3*m - 12 = -0*m. Suppose -u - f - 4*f = -9, m*f = 5*u - 16. Is (3 - 32/u)*-41 composite?
True
Let u be 3/(3*1/(-14)). Let x(m) = -10*m - 13. Is x(u) a composite number?
False
Let p(k) = 40*k - 131. Is p(7) a composite number?
False
Let z = 103 + 59. Let y = z + -69. Suppose -3*k + y = -0*k. Is k prime?
True
Let p(d) = 38*d**2 - d - 60. Is p(-9) composite?
True
Let v(j) = j**3 - 13*j**2 + j + 6. Let h(o) = -o**3 + 7*o**2 - 3. Let b(n) = 9*h(n) + 4*v(n). Is b(-8) a composite number?
False
Let v(z) = -z - 2. Let r be v(-4). Suppose 0 = 2*y - 4, 6*t = r*t + 2*y + 2368. Is t prime?
True
Let d be -11*(2 + -3)*-1. Suppose -4*l + 5*i = -180, -9*i = -11*i + 8. Let c = d + l. Is c a composite number?
True
Let s(v) = 43*v**2 - 16*v - 4. Let t be (-1 - 100/16) + 2/8. Is s(t) a composite number?
True
Let a be (-9)/45 - (-38)/(-10). Is a/10 - (-2451)/15 prime?
True
Let t(n) = 2219*n**2 + 4*n + 19. Is t(-2) a composite number?
False
Suppose -3*a = -6243 + 678. Suppose 461 + a = 4*v. Suppose 0 = -3*g + 1530 - v. Is g a prime number?
True
Is (5166/(-56))/(2/(-72)) - -5 composite?
True
Suppose -5*c + 46769 = -2*z, -5*z - 37422 = -12*c + 8*c. Is c a prime number?
False
Suppose 205431 = 16*b + 2407. Is b a prime number?
True
Let g be (-27 - -29) + (-1 - -309) + -1. Let n = g - -140. Is n prime?
True
Let t(p) = -112*p**3 - 5*p**2 - 7*p - 1. Is t(-3) a composite number?
False
Let c = 77 + -174. Let l = c - -192. Is l prime?
False
Let x = -219 + 632. Suppose -324 = -7*f + 3*f + 4*u, x = 5*f + 3*u. Is f composite?
True
Let j = -1944 + 9301. Is j composite?
True
Suppose 4*v + v = 3*y + 29, 3*v - 5*y - 27 = 0. Suppose -v*l = l. Let c(z) = z**2 - z + 439. Is c(l) a composite number?
False
Is -1 - -124 - (-10 + 18)/2 prime?
False
Let y(j) = -251*j + 11. Suppose r + 4*w + 6 = 0, 0 = 2*r - 3*w + 6*w + 17. Is y(r) a composite number?
False
Suppose 7*l = 8*l + 2154. Is l/(-26) + (-18)/(-117) prime?
True
Let b = -6 + -284. Let t = 5772 + b. Is t a prime number?
False
Let f(g) be the third derivative of 29*g**5/12 - 5*g**4/24 - 2*g**3/3 + 43*g**2. Is f(-2) a composite number?
True
Let g be -1049 + (2 - ((-8)/(-4) - -2)). Let z = 2106 + g. Is z composite?
True
Suppose -2*d + g + 12481 = 0, 4*g + 20286 = 4*d - 4666. Is d a composite number?
True
Let s be (-9)/(2/6*-3). Let o = 14 - s. Suppose -6 = -h + 2*r + 55, -o*r = 5*h - 260. Is h prime?
False
Let i = 4029 + 1604. Is i prime?
False
Let i(b) = b**2 - 3*b - 305. Let l be i(0). Let y = 120 + -291. Let g = y - l. Is g a prime number?
False
Let v = 842073 + -519560. Is v a composite number?
False
Let c(b) be the second derivative of b**3/3 + 25*b**2/2 - b. Is c(6) a composite number?
False
Let m be (-6)/(-21) + (-36)/(-21). Suppose w = -4*w - 2*s + 1729, -m*w = -3*s - 703. Is w a prime number?
True
Suppose -4*m + 2*u + 41068 = -3*u, 5*m = -3*u + 51335. Is m a composite number?
False
Suppose 2*r - 460 = 3418. Is r composite?
True
Let r = -51 + 60. Let j(x) = x**3 - 3*x**2 - 11*x + 22. Is j(r) a composite number?
False
Is -1 + 1 + 10002 + (28 - 23) prime?
True
Let u(q) = 2*q**3 + 6*q**2 - 25*q + 21. Is u(10) a composite number?
False
Is (-35765)/(-5)*(-7 - (-56)/7) a composite number?
True
Suppose 11*o - 1285 = 6*o. Let y = -72 + o. Is y composite?
True
Let b(c) = c**3 + 20*c**2 + 2*c + 9. Let t be b(-20). Is t/2*(6 + -8) composite?
False
Is -7 - 297/(-45) - 64797/(-5) composite?
False
Let r(z) = 471*z + 8. Let y(c) = -1414*c - 23. Let t(s) = -8*r(s) - 3*y(s). Is t(4) composite?
False
Let z(b) = b**3 + 46*b**2 - 34*b - 3. Is z(-46) a prime number?
False
Suppose -q - 5*s = -108584, 119*q = 117*q - s + 217177. Is q prime?
False
Let l(y) = -y**2 + 10*y - 3. Let h be l(9). Is h/8 + (-2693)/(-4) prime?
False
Suppose 0 = -4*l + i + 36, 0*l + 3*i = -l - 4. Suppose 2*x = l*x - 4470. Suppose -x = -2*z - 3*z. Is z composite?
False
Suppose -3*y + 27 = 3*m, -3*m + 2*y - 6*y + 29 = 0. Let u = 9 - m. Suppose -w + 359 = u*a, -206 = -w - 4*a + 153. Is w prime?
True
Let u = 30 - 16. Suppose 296 = u*f - 10*f. Is f a composite number?
True
Let y(l) be the second derivative of -l**4/12 + l**3/3 + 2*l**2 + 5*l. Let a be y(2). Suppose 5*g - a*r = 50, -3*r - 47 = -5*g - 2. Is g a composite number?
True
Let p(q) = 6000*q**2 - 3*q - 4. Suppose -f - 101 + 100 = 0. Is p(f) prime?
False
Suppose 2*z + 12 = 4. Let v = z + 9. Suppose v*l = 806 + 879. Is l composite?
False
Is 6*321 + (-7 - (-37 - -25)) composite?
False
Is 404 - (5 + -2 + -6) a composite number?
True
Suppose 0 = -5*i + 2*q + 141, -83 = -5*i - q + 49. Suppose -1042 = -3*x + b, -x + b + 323 + i = 0. Let p = x + -168. Is p a prime number?
False
Suppose 2923*q + 6738 = 2929*q. Is q prime?
True
Let u(c) = 3*c**3 - 25*c**2 - 3*c - 28. Is u(15) composite?
True
Let l = 655 + 5134. Is l prime?
False
Let x = -38 + 37. Is ((-1)/(-2))/(x/(-3274)) composite?
False
Suppose 0 = -5*a - h + 117294, 3*a - 22*h + 18*h = 70381. Is a a prime number?
True
Suppose 3*g + 20 + 46 = 0. Let x = g + 26. Let i(f) = 199*f + 1. Is i(x) prime?
True
Suppose 0 = -m + 6 + 6. Let z = -20 + m. Let u(g) = -g**2 - 8*g + 10. Is u(z) a composite number?
True
Suppose -4*w = -5*b + 5, 5*w - b + 26 - 4 = 0. Let t(u) = 28*u**2 - 13*u - 2. Is t(w) a prime number?
False
Let g(r) = r**3 - 3*r**2 - 2*r - 5. Let o be g(4). Suppose 463 = -o*n + 7534. Is n prime?
True
Let g = 12 - 17. Let c(u) = u + 7. Let p be c(g). Suppose -2*i = p*b - 144, b = -7*i + 2*i + 52. Is b a composite number?
True
Let n(h) = -5*h**3 + h**2 + h. Let p be n(-1). Suppose j - 4*j - r + 79 = 0, -p*j + 2*r + 117 = 0. Is j a prime number?
False
Suppose -8*b + 296782 = 95006. Is b a prime number?
False
Let j(z) be the third derivative of 11*z**6/40 - z**5/30 - 7*z**4/24 + z**3/6 - 10*z**2. Is j(3) a prime number?
True
Let x = -11 + 13. Let o(v) = 2 - x*v**2 - 7*v**2 + 3 - v**3 + 17*v. Is o(-12) composite?
False
Let d = 1021 + 80430. Is d a prime number?
False
Let w = 22 + -3. Suppose j + 3*h + 40 = -3*j, w = -3*j - 5*h. Let t(a) = -27*a - 14. Is t(j) a composite number?
False
Let q = -2 + 4. Suppose 0 = q*i + 10, 2*v + 2*i - 1270 - 122 = 0. Is v composite?
False
Let u = -259 - 111. Is u/(-6) - (-3)/9 composite?
True
Let w = 1367 - 684. Let x = w + -450. Is x a composite number?
False
Let m be (-14)/2 - 1 - 2. Let q = m - -15. Suppose p - 3*p = 3*f - 69, -5 = -q*f. Is p a prime number?
False
Let b(h) = 5*h - 6. Let n(r) = r. Let a(w) = -b(w) + 4*n(w). Let t be a(3). Suppose 0 = t*k - 305 - 130. Is k prime?
False
Let l be (-2 - (-12)/5)*15. Let y be (25/5)/((-2)/(-422)). Suppose -y = c - l*c. Is c composite?
False
Let u(o) = -54*o**3 - 6*o**2 - 5. Let i be u(-5). Suppose 10 = -5*v, -6*j + 5*v + i = -j. Is j a prime number?
False
Let h = -647 + 2699. Suppose 0 = -3*a - 3*z + h, -3*z = 5 - 8. Is a prime?
True
Suppose -l = 2*y - 0*l - 70, -5*l = -5*y + 205. Is y prime?
True
Let p be 96/7 + 2/7. Suppose -